{"id":2023,"date":"2024-02-24T19:02:09","date_gmt":"2024-02-24T19:02:09","guid":{"rendered":"https:\/\/www.nprovit.com\/publicacoes\/produto\/central-telefonica-voip-zycoo-coovox-u80-ate-200-utilizadores-voip-60-chamadas-em-simultaneo\/"},"modified":"2025-04-24T22:56:23","modified_gmt":"2025-04-24T21:56:23","slug":"central-telefonica-voip-zycoo-coovox-u80-ate-200-utilizadores-voip-60-chamadas-em-simultaneo","status":"publish","type":"product","link":"https:\/\/www.nprovit.com\/publicacoes\/produto\/central-telefonica-voip-zycoo-coovox-u80-ate-200-utilizadores-voip-60-chamadas-em-simultaneo\/","title":{"rendered":"Central Telef\u00f3nica VoIP ZyCoo Coovox U80-v2 at\u00e9 200 utilizadores VoIP, 60 chamadas em simult\u00e2neo."},"content":{"rendered":"<p>O Sistema de Telefonia IP CooVox U80-v2 \u00e9 a solu\u00e7\u00e3o ideal para m\u00e9dias e grandes empresas, com capacidade at\u00e9 200 extens\u00f5es, 60 chamadas em simult\u00e2neo, 80 participantes em confer\u00eancias e at\u00e9 75000 horas de grava\u00e7\u00f5es de chamadas (formato audio gsm). Com fun\u00e7\u00f5es de alta disponibilidade dispon\u00edveis sem custos. O seu hardware \u00e9 optimizado para o Asterisk v13, beneficiando das suas conhecidas funcionalidades.<\/p>\n<p>Adotando o design modular inovador, o CooVox U80-v2 Series suporta acessos SIP e todo o tipo de linhas telef\u00f3nias &#8211; ver matriz de compatibilidade.<\/p>\n<p>CooVox U80-v2 \u00e9 um sistema de PBX IP desenhado e otimizado para as necessidades de neg\u00f3cios atuais. O CooVox U80-v2 \u00e9 uma solu\u00e7\u00e3o acess\u00edvel, escal\u00e1vel, interoper\u00e1vel, segura e confi\u00e1vel, que fornece n\u00e3o apenas as caracter\u00edsticas tradicionais de PBX, tais como atendimento autom\u00e1tico e correio de voz, mas tamb\u00e9m muitos recursos avan\u00e7ados incluindo extens\u00f5es remotas, Conex\u00e3o Remota, Confer\u00eancia, Grava\u00e7\u00e3o de Chamadas, Detalhe de Chamadas, distribui\u00e7\u00e3o autom\u00e1tica de chamadas (ACD), Mensagens Unificadas (Correio de voz para e-mail), Discagem Web e muitas outras funcionalidades.<\/p>\n<table width=\"793\">\n<tbody>\n<tr>\n<td><strong>PBX Features<\/strong><\/p>\n<p>Up to 200 Extensions<br \/>\nUp to 60 Simultaneous Calls<br \/>\nUp to 40 Simultaneous Conference Attendees<br \/>\nUp to 36 Call Queues<br \/>\nUp to 36 Conference Rooms<br \/>\nRecording up to 7500 hrs (WAV)<br \/>\nRecording up to 75000 hrs (GSM)<br \/>\nAutomatic Recording\/One Touch Recording<br \/>\nCDR (Call Detailed Recording)<br \/>\nMulti-layer IVR (Interactive Voice Response)<br \/>\nTDM\/SIP\/IAX Extensions\/trunks<br \/>\nFlexible Inbound\/Outbound Routing<br \/>\nTime-based Routing<br \/>\nRemote Extensions &amp; Remote Offices<br \/>\nPaging &amp; Intercom<br \/>\nVideo Call<br \/>\nCall Forward\/Transfer<br \/>\nWeb Extension (WebRTC)<br \/>\nFollow Me<br \/>\nDND (Do Not Disturb)<br \/>\nRing Groups<br \/>\nPick-up Groups<br \/>\nDISA (Direct Inward System Access)<br \/>\nVirtual Fax<br \/>\nVoicemail to Email\/Fax to Email<br \/>\nOne Number Stations<br \/>\nSmart DID<\/p>\n<p><strong>Network Features<\/strong><br \/>\nDDNS Client<br \/>\nDHCP Server<br \/>\nIPv4\/IPv6\/IEEE802.1Q<br \/>\nIP Assignment (PPPoE\/DHCP\/Static)<br \/>\nSNMP v1\/v2<br \/>\nTR069<br \/>\nStatic Route Table<br \/>\nTrouble Shooting (Ping\/Traceroute)<\/p>\n<p><strong>Network &amp; Protocols<\/strong><br \/>\nIPv4, IPv6, VLAN, DHCP, PPPoE, DDNS,<br \/>\nSNMPv2, NTP, SNTP, TFTP, SSH, HTTPS,<br \/>\nSRTP, TLS, LDAP, TR069<\/p>\n<p><strong>Hardware\u00a0<\/strong><br \/>\nIntel Dual-core 2.41GHz CPU<br \/>\n4GB DDR3L RAM<br \/>\n16GB On board EMMC<br \/>\nHDMI (High-Definition Multimedia Interface)<br \/>\nAudio In\/Out (Paging)<br \/>\n2x 1000Mbps Ethernet Ports<br \/>\nUSB 3.0 + USB 2.0 (Extended Storage)<br \/>\n2x Module Slots<\/p>\n<p>&nbsp;<\/p>\n<p>&nbsp;<\/td>\n<td><strong>Telephony Signaling &amp; Control<\/strong><br \/>\nSIP (RFC3261)<br \/>\nSIP over UDP\/TCP\/TLS<br \/>\nIAX2<br \/>\nDTMF: RFC2833, SIP Info, In-band<br \/>\nSRTP<br \/>\nPRI, SS7, MFC\/R2<strong>Call Features<br \/>\n\u200b<\/strong>Call Back<br \/>\nCall Forward<br \/>\nCall Group<br \/>\nCall Hold<br \/>\nCall Paging and Intercom<br \/>\nCall Park<br \/>\nCall Pickup<br \/>\nCall Queue<br \/>\nCall Recording<br \/>\nCall Routing<br \/>\nBlind Transfer<br \/>\nAttendant Transfer<br \/>\nCall Waiting<br \/>\nCaller ID<br \/>\nDial by Name<br \/>\nMusic On Hold\/Transfer<br \/>\n3-Way Conference<br \/>\nVideo Calls<strong>System Capacities<\/strong><br \/>\nUp to 60 Concurrent Calls<br \/>\nUp to 40 Conferences<br \/>\nUp to 200 IP Phone Registers\/Extensions<br \/>\nRecording: 36,00 mins (.gsm); 4,000 mins (.wav)<br \/>\nVoicemail: 36,000 mins (.gsm); 4,000 mins (.wav)<strong>Codecs &amp; Protocols<\/strong><br \/>\nAudio Codecs: G.722\/G.711-Ulaw\/G.711-Alaw\/<br \/>\nG.726\/G.729\/GSM\/SPEEX<br \/>\nVideo Codecs: H.261\/H.263\/H.263+\/H.264<br \/>\nProtocols: SIP (RFC3261)\/IAX2<br \/>\nFax: T.38 (passthrough)<\/p>\n<p><strong>Security Features<\/strong><\/p>\n<p>HTTPS, Fail2Ban, Permit IP, Whitelist, Blacklist<br \/>\nVPN Server (PPTP, L2TP, OpenVPN, IPSec)<br \/>\nVPN Client (N2N, PPTP, L2TP, OpenVPN, IPSec)<\/p>\n<p><strong>Logs<\/strong><br \/>\nPBX Log<br \/>\nWeb Access Log<br \/>\nPBX Debug Log<\/p>\n<p>&nbsp;<\/td>\n<\/tr>\n<\/tbody>\n<\/table>\n<p>&nbsp;<\/p>\n<table class=\"product-table\" width=\"511\">\n<tbody>\n<tr>\n<td class=\"fisrt-td\">\n<table width=\"360\">\n<tbody>\n<tr>\n<td class=\"fisrt-sub-td1\">U80 Module<\/td>\n<td class=\"fisrt-sub-td2\">U80 Slot -&gt;-&gt;-&gt;<\/td>\n<\/tr>\n<\/tbody>\n<\/table>\n<\/td>\n<td class=\"rest-td\">Slot1<\/td>\n<td class=\"rest-td\">Slot2<\/td>\n<\/tr>\n<\/tbody>\n<\/table>\n<table class=\"product-table\" width=\"511\">\n<tbody>\n<tr>\n<td class=\"fisrt-td1\">4FXS<\/td>\n<td>\u221a<\/td>\n<td>\u221a<\/td>\n<\/tr>\n<tr>\n<td class=\"fisrt-td1\">4FXO<\/td>\n<td>\u221a<\/td>\n<td>\u221a<\/td>\n<\/tr>\n<tr>\n<td class=\"fisrt-td1\">2FXOS<\/td>\n<td>\u221a<\/td>\n<td>\u221a<\/td>\n<\/tr>\n<tr>\n<td class=\"fisrt-td1\">2GSM<\/td>\n<td>\u221a<\/td>\n<td>\u221a<\/td>\n<\/tr>\n<tr>\n<td class=\"fisrt-td1\">4GSM<\/td>\n<td>\u221a<\/td>\n<td>\u221a<\/td>\n<\/tr>\n<tr>\n<td class=\"fisrt-td1\">2WCDMA<\/td>\n<td>\u221a<\/td>\n<td>\u221a<\/td>\n<\/tr>\n<tr>\n<td class=\"fisrt-td1\">4WCDMA<\/td>\n<td>\u221a<\/td>\n<td>\u221a<\/td>\n<\/tr>\n<tr>\n<td class=\"fisrt-td1\">1PRI (E1\/T1)<\/td>\n<td>\u221a<\/td>\n<td>\u221a<\/td>\n<\/tr>\n<tr>\n<td class=\"fisrt-td1\">4BRI<\/td>\n<td>x<\/td>\n<td>\u221a<\/td>\n<\/tr>\n<\/tbody>\n<\/table>\n<p>&nbsp;<\/p>\n<p>Inner box Dimension \u00a0\u00a0 \u00a0505mm \u00d7 315mm \u00d7 96mm<\/p>\n","protected":false},"excerpt":{"rendered":"<p>O Sistema de Telefonia IP ZyCoo CooVox U80-v2 \u00e9 a solu\u00e7\u00e3o ideal para m\u00e9dias e grandes empresas, com capacidade at\u00e9 200 extens\u00f5es, 60 chamadas em simult\u00e2neo, 40 participantes em confer\u00eancias e at\u00e9 50000 horas de grava\u00e7\u00f5es de chamadas (formato audio gsm). Com fun\u00e7\u00f5es de alta disponibilidade dispon\u00edveis sem custos. O seu hardware \u00e9 optimizado para o Asterisk v13, beneficiando das suas conhecidas funcionalidades.<\/p>\n","protected":false},"featured_media":2510,"template":"","meta":{"_seopress_robots_primary_cat":"168","_seopress_titles_title":"","_seopress_titles_desc":"O Sistema de Telefonia IP ZyCoo CooVox U80-v2 \u00e9 a solu\u00e7\u00e3o ideal para m\u00e9dias e grandes empresas, com capacidade at\u00e9 200 extens\u00f5es, 60 chamadas em simult\u00e2neo, 40 participantes em confer\u00eancias e at\u00e9 50000 horas de grava\u00e7\u00f5es de chamadas (formato audio gsm). Com fun\u00e7\u00f5es de alta disponibilidade dispon\u00edveis sem custos","_seopress_robots_index":""},"product_brand":[277],"product_cat":[33,54,168],"product_tag":[100,104,110,105,108,107,102],"class_list":{"0":"post-2023","1":"product","2":"type-product","3":"status-publish","4":"has-post-thumbnail","6":"product_brand-zycoo","7":"product_cat-centrais-telefonicas","8":"product_cat-voip-e-seus-componentes","9":"product_cat-zycoo","10":"product_tag-zycoo","11":"product_tag-zycoo-anuncio","12":"product_tag-zycoo-ip-pbx","13":"product_tag-zycoo-paging","14":"product_tag-zycoo-pbx","15":"product_tag-zycoo-phone-system","16":"product_tag-zycoo-voip","18":"first","19":"onbackorder","20":"taxable","21":"shipping-taxable","22":"purchasable","23":"product-type-simple"},"_links":{"self":[{"href":"https:\/\/www.nprovit.com\/publicacoes\/wp-json\/wp\/v2\/product\/2023","targetHints":{"allow":["GET"]}}],"collection":[{"href":"https:\/\/www.nprovit.com\/publicacoes\/wp-json\/wp\/v2\/product"}],"about":[{"href":"https:\/\/www.nprovit.com\/publicacoes\/wp-json\/wp\/v2\/types\/product"}],"wp:featuredmedia":[{"embeddable":true,"href":"https:\/\/www.nprovit.com\/publicacoes\/wp-json\/wp\/v2\/media\/2510"}],"wp:attachment":[{"href":"https:\/\/www.nprovit.com\/publicacoes\/wp-json\/wp\/v2\/media?parent=2023"}],"wp:term":[{"taxonomy":"product_brand","embeddable":true,"href":"https:\/\/www.nprovit.com\/publicacoes\/wp-json\/wp\/v2\/product_brand?post=2023"},{"taxonomy":"product_cat","embeddable":true,"href":"https:\/\/www.nprovit.com\/publicacoes\/wp-json\/wp\/v2\/product_cat?post=2023"},{"taxonomy":"product_tag","embeddable":true,"href":"https:\/\/www.nprovit.com\/publicacoes\/wp-json\/wp\/v2\/product_tag?post=2023"}],"curies":[{"name":"wp","href":"https:\/\/api.w.org\/{rel}","templated":true}]}}