{"id":2022,"date":"2024-02-24T19:02:08","date_gmt":"2024-02-24T19:02:08","guid":{"rendered":"https:\/\/www.nprovit.com\/publicacoes\/produto\/central-telefonica-zycoo-voip-u20v2-1x-linha-analogica-1x-ext-analogica\/"},"modified":"2025-10-17T10:26:15","modified_gmt":"2025-10-17T09:26:15","slug":"central-telefonica-zycoo-voip-u20v2-1x-linha-analogica-1x-ext-analogica","status":"publish","type":"product","link":"https:\/\/www.nprovit.com\/publicacoes\/produto\/central-telefonica-zycoo-voip-u20v2-1x-linha-analogica-1x-ext-analogica\/","title":{"rendered":"Central Telefonica Zycoo VOIP U20v2, 1x Linha Anal\u00f3gica, 1x Ext Anal\u00f3gica"},"content":{"rendered":"<p>CooVox U20-v2 \u00e9 um sistema de PBX IP desenhado e otimizado para as necessidades de neg\u00f3cios atuais. O CooVox U20-v2 \u00e9 uma solu\u00e7\u00e3o acess\u00edvel, escal\u00e1vel, interoper\u00e1vel, segura e confi\u00e1vel, que fornece n\u00e3o apenas as caracter\u00edsticas tradicionais de PBX, tais como atendimento autom\u00e1tico e correio de voz, mas tamb\u00e9m muitos recursos avan\u00e7ados incluindo extens\u00f5es remotas, Conex\u00e3o Remota, Confer\u00eancia, Grava\u00e7\u00e3o de Chamadas, Detalhe de Chamadas, distribui\u00e7\u00e3o autom\u00e1tica de chamadas (ACD), Mensagens Unificadas (Correio de voz para e-mail), Discagem Web e muitas outras funcionalidades.<\/p>\n<table width=\"793\">\n<tbody>\n<tr>\n<td><strong>PBX Features<\/strong><\/p>\n<p>Black List<br \/>\nBLF (Busy Lamp Field)<br \/>\nCDR (Call Detailed Record)<br \/>\nConference Room (20 Rooms)<br \/>\nCall Monitoring<br \/>\nDID (Direct Inward Dialing Number)<br \/>\nDISA (Direct Inward System Access)<br \/>\nDistinctive Ringtone<br \/>\nDND (Do Not Disturb)<br \/>\nDNIS (Dialed Number Identification Service)<br \/>\nFeature Codes<br \/>\nFOP (Flash Operation Panel) Status Monitoring<br \/>\nFollow Me<br \/>\nIVR (Interactive Voice Responses)<br \/>\nMobility Extension<br \/>\nMulti-Language Prompts<br \/>\nMulti-Language GUI<br \/>\nOne Touch Recording<br \/>\nPhone Book(LDAP Server)<br \/>\nPhone Provisioning<br \/>\nPin Set<br \/>\nRecord File Download<br \/>\nRinggroup<br \/>\nSIP Register with UDP\/TCP\/TLS<br \/>\nSIP Trunk<br \/>\nSkype for SIP<br \/>\nSmart DID<br \/>\nSpeed Dial<br \/>\nSpy<br \/>\nSRTP (Secure Realtime Transport Protocol)<br \/>\nT.38 Fax (Pass-through)<br \/>\nTime Based Rule<br \/>\nWebRTC<br \/>\nVoicemail &amp; Voicemail to Email<\/p>\n<p>&nbsp;<\/p>\n<p><strong>Network Features<\/strong><br \/>\nDDNS Client<br \/>\nDHCP Server<br \/>\nIPv4\/IPv6\/IEEE802.1Q<br \/>\nIP Assignment (PPPoE\/DHCP\/Static)<br \/>\nSNMP v1\/v2<br \/>\nTR069<br \/>\nStatic Route Table<br \/>\nTrouble Shooting (Ping\/Traceroute)<br \/>\nVPN Client (N2N\/L2TP\/PPTP\/OpenVPN\/IPSec)<br \/>\nVPN Server (PPTP\/L2TP\/OpenVPN\/IPSec)<\/p>\n<p>&nbsp;<\/td>\n<td><strong>Call Features<br \/>\n\u200b<\/strong>Call Back<br \/>\nCall Forward<br \/>\nCall Hold<br \/>\nCall Paging and Intercom<br \/>\nCall Park<br \/>\nCall Pickup<br \/>\nCall Queue<br \/>\nCall Recording<br \/>\nCall Routing<br \/>\nBlind Transfer<br \/>\nAttendant Transfer<br \/>\nCall Waiting<br \/>\nOne Number Stations<br \/>\nCaller ID<br \/>\nDial by Name<br \/>\nMusic On Hold\/Transfer<br \/>\n3-Way Conference<br \/>\nVideo Call<strong>System Capacities<\/strong><br \/>\nUp to 15 Concurrent Calls<br \/>\nUp to 20 Conferences<br \/>\nUp to 30 IP Phone Registers\/Extensions<br \/>\nRecording: 36,000 mins (.gsm); 4,000 mins (.wav)<br \/>\nVoicemail: 36,000 mins (.gsm); 4,000 mins (.wav)<\/p>\n<p>&nbsp;<\/p>\n<p><strong>Codecs &amp; Protocols<\/strong><br \/>\nAudio Codecs: G.722\/G.711-Ulaw\/G.711-Alaw\/<br \/>\nG.726\/G.729\/GSM\/SPEEX<br \/>\nVideo Codecs: H.261\/H.263\/H.263+\/H.264<br \/>\nProtocols: SIP (RFC3261)\/IAX2<br \/>\nDTMF: RFC2833\/SIP INFO\/In-Band<\/p>\n<p>&nbsp;<\/p>\n<p><strong>Security Features<\/strong><br \/>\nRefuse SIP Register DoS<br \/>\nRefuse Abort Invite DoS<br \/>\nRefuse SSH Login DoS<\/p>\n<p>&nbsp;<\/p>\n<p><strong>Logs<\/strong><br \/>\nPBX Log<br \/>\nWeb Access Log<br \/>\nPBX Debug Log<\/p>\n<p>&nbsp;<\/td>\n<\/tr>\n<\/tbody>\n<\/table>\n<table class=\"product-table\" width=\"493\">\n<tbody>\n<tr>\n<td class=\"rest-td\">Module<\/td>\n<td class=\"rest-td\">FXO<\/td>\n<td class=\"rest-td\">FXS<\/td>\n<td class=\"rest-td\">BRI<\/td>\n<td class=\"rest-td\">1GSM<\/td>\n<\/tr>\n<tr>\n<td class=\"fisrt-td1\">CooVox-U20-A202<\/td>\n<td>2<\/td>\n<td>0<\/td>\n<td>\/<\/td>\n<td>Optional<\/td>\n<\/tr>\n<tr>\n<td class=\"fisrt-td1\">CooVox-U20-A211<\/td>\n<td>1<\/td>\n<td>1<\/td>\n<td>\/<\/td>\n<td>Optional<\/td>\n<\/tr>\n<tr>\n<td class=\"fisrt-td1\">CooVox-U20-2BRI<\/td>\n<td>\/<\/td>\n<td>\/<\/td>\n<td>2<\/td>\n<td>\/<\/td>\n<\/tr>\n<\/tbody>\n<\/table>\n","protected":false},"excerpt":{"rendered":"<p>O Sistema de Telefonia IP Zycoo CooVox U20-v2 \u00e9 uma solu\u00e7\u00e3o ideal para pequenas e m\u00e9dias empresas, com capacidade at\u00e9 30 extens\u00f5es. Adotando o design modular inovador, o CooVox U20-v2 Series suporta acessos SIP e: 2 linhas PSTN anal\u00f3gica (Modulo FXO); ou 2 extens\u00f5es anal\u00f3gicas (M\u00f3dulo FXS); ou 1 cart\u00e3o GSM (M\u00f3dulo GSM) ou ainda 2 acessos b\u00e1sicos RDIS (M\u00f3dulo BRI).<\/p>\n","protected":false},"featured_media":2518,"template":"","meta":{"_seopress_robots_primary_cat":"54","_seopress_titles_title":"","_seopress_titles_desc":"O Sistema de Telefonia IP CooVox U20-v2 \u00e9 uma solu\u00e7\u00e3o ideal para pequenas e m\u00e9dias empresas, com capacidade at\u00e9 30 extens\u00f5es. Adotando o design modular inovador, o CooVox U20-v2 Series suporta acessos SIP e: 2 linhas PSTN anal\u00f3gica (Modulo FXO); ou 2 extens\u00f5es anal\u00f3gicas (M\u00f3dulo FXS); ou 1 cart\u00e3o GSM (M\u00f3dulo GSM) ou ainda 2 acessos b\u00e1sicos RDIS (M\u00f3dulo BRI).","_seopress_robots_index":""},"product_brand":[277],"product_cat":[54,168],"product_tag":[111,100,104,113,109,110,105,108,106,107,102],"class_list":{"0":"post-2022","1":"product","2":"type-product","3":"status-publish","4":"has-post-thumbnail","6":"product_brand-zycoo","7":"product_cat-voip-e-seus-componentes","8":"product_cat-zycoo","9":"product_tag-coovox","10":"product_tag-zycoo","11":"product_tag-zycoo-anuncio","12":"product_tag-zycoo-coovox-u20-v2","13":"product_tag-zycoo-hibryd-pbx","14":"product_tag-zycoo-ip-pbx","15":"product_tag-zycoo-paging","16":"product_tag-zycoo-pbx","17":"product_tag-zycoo-phone","18":"product_tag-zycoo-phone-system","19":"product_tag-zycoo-voip","21":"first","22":"outofstock","23":"taxable","24":"shipping-taxable","25":"purchasable","26":"product-type-simple"},"_links":{"self":[{"href":"https:\/\/www.nprovit.com\/publicacoes\/wp-json\/wp\/v2\/product\/2022","targetHints":{"allow":["GET"]}}],"collection":[{"href":"https:\/\/www.nprovit.com\/publicacoes\/wp-json\/wp\/v2\/product"}],"about":[{"href":"https:\/\/www.nprovit.com\/publicacoes\/wp-json\/wp\/v2\/types\/product"}],"wp:featuredmedia":[{"embeddable":true,"href":"https:\/\/www.nprovit.com\/publicacoes\/wp-json\/wp\/v2\/media\/2518"}],"wp:attachment":[{"href":"https:\/\/www.nprovit.com\/publicacoes\/wp-json\/wp\/v2\/media?parent=2022"}],"wp:term":[{"taxonomy":"product_brand","embeddable":true,"href":"https:\/\/www.nprovit.com\/publicacoes\/wp-json\/wp\/v2\/product_brand?post=2022"},{"taxonomy":"product_cat","embeddable":true,"href":"https:\/\/www.nprovit.com\/publicacoes\/wp-json\/wp\/v2\/product_cat?post=2022"},{"taxonomy":"product_tag","embeddable":true,"href":"https:\/\/www.nprovit.com\/publicacoes\/wp-json\/wp\/v2\/product_tag?post=2022"}],"curies":[{"name":"wp","href":"https:\/\/api.w.org\/{rel}","templated":true}]}}