{"id":1984,"date":"2024-02-24T19:00:14","date_gmt":"2024-02-24T19:00:14","guid":{"rendered":"https:\/\/www.nprovit.com\/publicacoes\/produto\/telefone-ip-yealink-t21p\/"},"modified":"2025-05-16T18:34:33","modified_gmt":"2025-05-16T17:34:33","slug":"telefone-ip-yealink-t21p","status":"publish","type":"product","link":"https:\/\/www.nprovit.com\/publicacoes\/produto\/telefone-ip-yealink-t21p\/","title":{"rendered":"Telefone IP Yealink T21P (Refurbished)"},"content":{"rendered":"<blockquote>\n<ul>\n<li>Ecr\u00e3 LCD a preto e branco de 2.3&#8243; (132 x 64 &#8211; pixeis)<\/li>\n<li>Fun\u00e7\u00e3o M\u00e3os livres Full Duplex<\/li>\n<li>2 portas Ethernet RJ45 10\/100M<\/li>\n<li>2 contas VoIP SIP<\/li>\n<li>6 teclas de fun\u00e7\u00e3o: mensagem, auricular, silenciar, m\u00e3os livres, tranfer\u00eancia, remarca\u00e7\u00e3o<\/li>\n<li>Suporta: chamadas em espera, desvio, transfer\u00eancia, reten\u00e7\u00e3o<\/li>\n<li>Confer\u00eancia a 3<\/li>\n<li>Agenda: 1000 contactos<\/li>\n<li>Modos de configura\u00e7\u00e3o para Administrador ou Utilizador<\/li>\n<li>Possibilidade montar em parede<\/li>\n<li>Alimenta\u00e7\u00e3o Poe<\/li>\n<li>Protocolo SIP: 2.0(RFC3261) protocolo, NAT transversal: modo STUN<\/li>\n<li>Acesso a configura\u00e7\u00e3o por HTTP e\/ou HTTPS<\/li>\n<li>Suporte na configura\u00e7\u00e3o de VLAN (802.1 pq), QoS<\/li>\n<li>Modo Proxy e modo SIP peer-to-peer<\/li>\n<li>Codecs HD: G722<\/li>\n<li>Codecs VoIP standard: G.711, G.723.1, G.726, G.729AB<\/li>\n<\/ul>\n<\/blockquote>\n","protected":false},"excerpt":{"rendered":"<p>O <span class=\"od_red\">Yealink T21P-E2<\/span> \u00e9 um telefone IP, com 2 linhas SIP e caracter\u00edsticas avan\u00e7adas desde, \u00e1udio HD e ecr\u00e3 grande a preto e branco, retroimluminado, de 5 linhas<\/p>\n<p><span class=\"VIpgJd-yAWNEb-VIpgJd-fmcmS-sn54Q\">Este \u00e9 um produto RECONDICIONADO. A Yealink informa que o <\/span><span class=\"VIpgJd-yAWNEb-VIpgJd-fmcmS-sn54Q\">SIP-T21(P) E2<\/span><span class=\"VIpgJd-yAWNEb-VIpgJd-fmcmS-sn54Q\"> \u00a0foi descontinuado desde <\/span><span class=\"VIpgJd-yAWNEb-VIpgJd-fmcmS-sn54Q\">2021-09-30<\/span><span class=\"VIpgJd-yAWNEb-VIpgJd-fmcmS-sn54Q\">.<\/span><\/p>\n","protected":false},"featured_media":3623,"template":"","meta":{"_seopress_robots_primary_cat":"42","_seopress_titles_title":"","_seopress_titles_desc":"Telefone IP Yealink T21P (Refurbished)","_seopress_robots_index":""},"product_brand":[280],"product_cat":[42],"product_tag":[172,272],"class_list":{"0":"post-1984","1":"product","2":"type-product","3":"status-publish","4":"has-post-thumbnail","6":"product_brand-yealink","7":"product_cat-telefones-voip","8":"product_tag-telefone-ip","9":"product_tag-telefone-voip","11":"first","12":"instock","13":"taxable","14":"shipping-taxable","15":"purchasable","16":"product-type-simple"},"_links":{"self":[{"href":"https:\/\/www.nprovit.com\/publicacoes\/wp-json\/wp\/v2\/product\/1984","targetHints":{"allow":["GET"]}}],"collection":[{"href":"https:\/\/www.nprovit.com\/publicacoes\/wp-json\/wp\/v2\/product"}],"about":[{"href":"https:\/\/www.nprovit.com\/publicacoes\/wp-json\/wp\/v2\/types\/product"}],"wp:featuredmedia":[{"embeddable":true,"href":"https:\/\/www.nprovit.com\/publicacoes\/wp-json\/wp\/v2\/media\/3623"}],"wp:attachment":[{"href":"https:\/\/www.nprovit.com\/publicacoes\/wp-json\/wp\/v2\/media?parent=1984"}],"wp:term":[{"taxonomy":"product_brand","embeddable":true,"href":"https:\/\/www.nprovit.com\/publicacoes\/wp-json\/wp\/v2\/product_brand?post=1984"},{"taxonomy":"product_cat","embeddable":true,"href":"https:\/\/www.nprovit.com\/publicacoes\/wp-json\/wp\/v2\/product_cat?post=1984"},{"taxonomy":"product_tag","embeddable":true,"href":"https:\/\/www.nprovit.com\/publicacoes\/wp-json\/wp\/v2\/product_tag?post=1984"}],"curies":[{"name":"wp","href":"https:\/\/api.w.org\/{rel}","templated":true}]}}